der when 34959 is divided by 336.
15
Calculate the remainder when 19220 is divided by 26.
6
What is the remainder when 1563 is divided by 694?
175
What is the remainder when 14518 is divided by 427?
0
Calculate the remainder when 122568 is divided by 143.
17
Calculate the remainder when 7983 is divided by 887.
0
What is the remainder when 86623 is divided by 64?
31
What is the remainder when 3188 is divided by 1543?
102
What is the remainder when 2126 is divided by 11?
3
What is the remainder when 1409024 is divided by 14?
8
Calculate the remainder when 91605 is divided by 22.
19
Calculate the remainder when 25223 is divided by 119.
114
Calculate the remainder when 134803 is divided by 44925.
28
Calculate the remainder when 16884 is divided by 97.
6
What is the remainder when 4741 is divided by 4250?
491
What is the remainder when 18902 is divided by 2?
0
What is the remainder when 72132 is divided by 146?
8
Calculate the remainder when 1113 is divided by 16.
9
What is the remainder when 7294 is divided by 36?
22
What is the remainder when 84776 is divided by 1211?
6
What is the remainder when 12901 is divided by 1562?
405
Calculate the remainder when 192177 is divided by 408.
9
Calculate the remainder when 442351 is divided by 764.
759
Calculate the remainder when 253876 is divided by 50772.
16
What is the remainder when 8124 is divided by 110?
94
What is the remainder when 6273 is divided by 3103?
67
Calculate the remainder when 37422 is divided by 813.
24
What is the remainder when 533040 is divided by 63?
60
Calculate the remainder when 8524 is divided by 191.
120
Calculate the remainder when 712076 is divided by 27.
5
Calculate the remainder when 294404 is divided by 254.
18
Calculate the remainder when 1188328 is divided by 261.
256
Calculate the remainder when 10385 is divided by 90.
35
What is the remainder when 5184 is divided by 101?
33
Calculate the remainder when 308 is divided by 39.
35
Calculate the remainder when 41554 is divided by 189.
163
What is the remainder when 2392 is divided by 20?
12
Calculate the remainder when 7556 is divided by 44.
32
What is the remainder when 13190 is divided by 3293?
18
Calculate the remainder when 3346 is divided by 108.
106
Calculate the remainder when 3454 is divided by 165.
154
What is the remainder when 109784 is divided by 188?
180
Calculate the remainder when 68804 is divided by 514.
442
Calculate the remainder when 5794 is divided by 715.
74
What is the remainder when 7478 is divided by 1750?
478
What is the remainder when 1919 is divided by 305?
89
Calculate the remainder when 43068 is divided by 258.
240
What is the remainder when 74343 is divided by 2186?
19
What is the remainder when 9697 is divided by 99?
94
What is the remainder when 427 is divided by 402?
25
What is the remainder when 4035 is divided by 201?
15
What is the remainder when 79609 is divided by 35?
19
Calculate the remainder when 466089 is divided by 9.
6
What is the remainder when 4870 is divided by 1579?
133
What is the remainder when 1342 is divided by 415?
97
What is the remainder when 142070 is divided by 35498?
78
Calculate the remainder when 186817 is divided by 20.
17
Calculate the remainder when 2800 is divided by 944.
912
Calculate the remainder when 7218 is divided by 224.
50
What is the remainder when 75529 is divided by 166?
165
What is the remainder when 19417 is divided by 810?
787
Calculate the remainder when 397 is divided by 155.
87
Calculate the remainder when 559 is divided by 295.
264
Calculate the remainder when 125250 is divided by 1491.
6
Calculate the remainder when 538028 is divided by 528.
524
What is the remainder when 1359 is divided by 646?
67
Calculate the remainder when 48695 is divided by 548.
471
Calculate the remainder when 5018 is divided by 114.
2
What is the remainder when 5647 is divided by 2752?
143
Calculate the remainder when 59981 is divided by 287.
285
What is the remainder when 3133 is divided by 257?
49
Calculate the remainder when 22954 is divided by 384.
298
What is the remainder when 17366 is divided by 363?
305
Calculate the remainder when 3685 is divided by 1248.
1189
What is the remainder when 8827 is divided by 159?
82
What is the remainder when 7336 is divided by 252?
28
Calculate the remainder when 29641 is divided by 121.
117
Calculate the remainder when 1442 is divided by 1437.
5
Calculate the remainder when 1235 is divided by 124.
119
What is the remainder when 10308 is divided by 468?
12
Calculate the remainder when 1116957 is divided by 312.
309
Calculate the remainder when 2553 is divided by 150.
3
Calculate the remainder when 7662 is divided by 2529.
75
Calculate the remainder when 25057 is divided by 923.
136
What is the remainder when 864 is divided by 811?
53
Calculate the remainder when 1081 is divided by 1075.
6
What is the remainder when 379526 is divided by 21?
14
Calculate the remainder when 33497 is divided by 3721.
8
Calculate the remainder when 862 is divided by 325.
212
Calculate the remainder when 1193 is divided by 463.
267
Calculate the remainder when 1383 is divided by 14.
11
Calculate the remainder when 2329375 is divided by 776457.
4
What is the remainder when 1091 is divided by 549?
542
Calculate the remainder when 172221 is divided by 1872.
1869
What is the remainder when 49847 is divided by 236?
51
What is the remainder when 26096 is divided by 1087?
8
What is the remainder when 14316 is divided by 14287?
29
What is the remainder when 1985 is divided by 660?
5
Calculate the remainder when 14604 is divided by 665.
639
What is the remainder when 2030 is divided by 22?
6
What is the remainder when 4280 is divided by 322?
94
What is the remainder when 10476 is divided by 6?
0
Calculate the remainder when 5271 is divided by 22.
13
What is the remainder when 1763 is divided by 766?
231
What is the remainder when 1620 is divided by 104?
60
Calculate the remainder when 4785 is divided by 32.
17
Calculate the remainder when 56976 is divided by 919.
917
What is the remainder when 19827 is divided by 15?
12
Calculate the remainder when 42119 is divided by 73.
71
What is the remainder when 299262 is divided by 14?
12
Calculate the remainder when 4183 is divided by 60.
43
Calculate the remainder when 49304 is divided by 1760.
24
What is the remainder when 86827 is divided by 21700?
27
Calculate the remainder when 6631 is divided by 28.
23
Calculate the remainder when 186314 is divided by 1129.
29
Calculate the remainder when 2265507 is divided by 157.
154
Calculate the remainder when 71420 is divided by 151.
148
Calculate the remainder when 502751 is divided by 13.
2
What is the remainder when 34852 is divided by 420?
412
What is the remainder when 14577 is divided by 156?
69
Calculate the remainder when 64570 is divided by 174.
16
What is the remainder when 2382716 is divided by 510?
506
What is the remainder when 5742 is divided by 42?
30
What is the remainder when 1719 is divided by 969?
750
What is the remainder when 52665 is divided by 26312?
41
Calculate the remainder when 24334 is divided by 1356.
1282
Calculate the remainder when 48394 is divided by 444.
442
Calculate the remainder when 35853 is divided by 8734.
917
Calculate the remainder when 12086 is divided by 2145.
1361
What is the remainder when 127610 is divided by 9115?
0
Calculate the remainder when 378137 is divided by 589.
588
What is the remainder when 419 is divided by 201?
17
What is the remainder when 1613 is divided by 1310?
303
Calculate the remainder when 33398 is divided by 88.
46
Calculate the remainder when 1211663 is divided by 62.
59
Calculate the remainder when 398648 is divided by 850.
848
Calculate the remainder when 3856 is divided by 21.
13
What is the remainder when 14090 is divided by 1407?
20
Calculate the remainder when 5044 is divided by 506.
490
What is the remainder when 267674 is divided by 799?
9
What is the remainder when 204781 is divided by 53?
42
Calculate the remainder when 6600 is divided by 43.
21
What is the remainder when 5889 is divided by 5858?
31
Calculate the remainder when 3094 is divided by 617.
9
What is the remainder when 6637 is divided by 95?
82
Calculate the remainder when 27559 is divided by 27559.
0
What is the remainder when 390